Let g(z) = -z**2 - z - 10. Calculate g(0).
-10
Let x(b) = 30*b**3 - 270*b**2 + 9*b - 33. What is x(9)?
48
Let b(p) = -6*p + 27. What is b(2)?
15
Let d(y) = 34*y + 205. Give d(-6).
1
Let d(b) = 26*b**2 - 706*b + 775. What is d(26)?
-5
Let s(d) = d**3 - 38*d**2 - 6*d - 38. Calculate s(38).
-266
Let r(w) = -2*w**2 - 29*w + 61. Determine r(-16).
13
Let k(u) = 2*u**3 + 98*u**2 + 97*u + 48. Determine k(-48).
0
Let y(q) = 100*q - 81. Determine y(2).
119
Let n(d) = -d**3 - 9*d**2 + 7*d - 584. What is n(-13)?
1
Let c(g) = -45*g + 550. Calculate c(12).
10
Let l(v) = -284*v - 2543. Give l(-9).
13
Let o(j) = -2*j**3 + j**2 + 24*j + 21. Determine o(-1).
0
Let v(j) = 6*j**2 + 165*j + 80. Calculate v(-27).
-1
Let b(x) = 19*x - 1514. What is b(80)?
6
Let m(q) = q**3 + 38*q**2 + 12*q + 698. Determine m(-38).
242
Let o(y) = -y**3 + 29*y**2 + 255*y - 85. Give o(36).
23
Let k(h) = -h**3 - 7*h**2 - 142*h - 532. What is k(-4)?
-12
Let s(v) = -v**2 + 47*v - 506. What is s(21)?
40
Let u(w) = 17*w + 100. What is u(-16)?
-172
Let r(j) = j**2 - 1777*j - 146628. Determine r(-79).
-4
Let s(z) = -14*z**3 + 10*z**2 - 9*z - 8. Give s(2).
-98
Let w(g) = -3*g**2 + 7*g + 32. Give w(0).
32
Let p(m) = -427*m - 93508. Calculate p(-219).
5
Let z(t) = t**2 + 12*t - 24. Calculate z(8).
136
Let b(m) = 3*m**2 - 21*m + 60. What is b(3)?
24
Let n(w) = 27*w - 248. Give n(7).
-59
Let b(s) = -s**2 + 3*s + 159. Calculate b(-10).
29
Let o(g) = 182*g - 187. Give o(1).
-5
Let r(d) = -d**2 - 12*d + 3. What is r(-4)?
35
Let r(c) = -124*c + 1617. Calculate r(13).
5
Let f(v) = -v**3 + 152*v + 303. Determine f(-2).
7
Let i(q) = q**3 + 19*q**2 - 30*q + 303. Give i(-21).
51
Let z(a) = -184*a - 881. Give z(-5).
39
Let s(l) = -l**3 - 43*l**2 - 199*l - 58. Determine s(-38).
284
Let x(u) = u**2 - 503*u - 9381. Give x(-18).
-3
Let t(a) = 7*a**2 - 151*a + 25. What is t(20)?
-195
Let c(j) = j**3 - 32*j**2 + 159*j - 85. What is c(26)?
-7
Let o(y) = y**3 - 22*y**2 - 22*y + 23. Give o(23).
46
Let i(n) = -n**2 - 17*n + 806. Calculate i(21).
8
Let y(j) = 145*j**2 - 1738*j - 12. Determine y(12).
12
Let u(o) = -o**2 + 3*o - 39. Give u(8).
-79
Let r(q) = 225*q + 1085. Determine r(-5).
-40
Let b(c) = -3*c**3 + 67*c**2 - 34*c + 1836. Give b(23).
-4
Let d(y) = 2459*y + 12294. What is d(-5)?
-1
Let k(r) = 1013*r + 59748. Determine k(-59).
-19
Let a(v) = 2*v**3 - v**2 + 108*v - 106. Determine a(1).
3
Let l(m) = -63*m**2 - 24*m + 10. What is l(3)?
-629
Let d(z) = -2*z**3 - 3*z**2 + 104*z - 190. Give d(2).
-10
Let w(b) = 6*b - 334. Determine w(55).
-4
Let u(h) = -2*h**3 - 3*h**2 - 20*h - 35. Give u(-2).
9
Let u(b) = b**2 + 291*b - 1173. Calculate u(4).
7
Let s(a) = -1067*a - 7457. Give s(-7).
12
Let z(p) = -45*p - 4780. Calculate z(-109).
125
Let c(j) = 2*j**3 - 4*j**2 - 33*j - 14. Calculate c(-3).
-5
Let q(g) = -2*g**2 - 7*g. Give q(-5).
-15
Let r(g) = g**3 - 12*g**2 + 28*g - 94. Determine r(10).
-14
Let x(w) = 46*w - 1384. Give x(30).
-4
Let i(f) = -98*f - 637. Calculate i(-6).
-49
Let r(v) = v**3 + 18*v**2 - 45*v - 58. Determine r(-20).
42
Let c(z) = 2*z**3 - 47*z**2 + 26*z - 59. Determine c(23).
10
Let h(r) = 2*r**3 - 21*r**2 - 10*r - 183. Calculate h(12).
129
Let u(o) = 2*o**3 - 39*o**2 + 284*o - 5057. What is u(19)?
-22
Let w(a) = -46*a**3 - 48*a**2 + 49*a. Determine w(1).
-45
Let b(f) = 13*f + 389. What is b(-47)?
-222
Let r(c) = -7860*c - 39295. Calculate r(-5).
5
Let c(x) = x**3 - 15*x**2 - 14*x + 2. Determine c(16).
34
Let q(j) = -18*j - 1188. What is q(-68)?
36
Let b(a) = 149*a**3 + a**2 - 1. Give b(1).
149
Let a(c) = 975*c + 64357. Give a(-66).
7
Let n(m) = -m**3 - 11*m**2 - 36*m - 7. What is n(-7)?
49
Let i(t) = -2*t**2 - 35*t + 84. Give i(-16).
132
Let b(j) = -j**2 + 313*j + 2. Calculate b(0).
2
Let s(g) = -560*g + 4. Calculate s(0).
4
Let x(o) = 247*o + 2638. What is x(-10)?
168
Let r(h) = -3*h**3 - 400*h**2 + 262*h - 803. Give r(-134).
1
Let k(h) = -h**3 + 7*h**2 + 7*h + 7. Give k(7).
56
Let a(z) = -15165*z + 45482. Determine a(3).
-13
Let t(u) = -3*u**2 - 10*u - 28. Give t(-8).
-140
Let q(v) = 12*v**2 - 77*v - 47. Calculate q(7).
2
Let t(x) = 1118*x + 64832. Calculate t(-58).
-12
Let b(n) = -4*n**2 - 4*n + 53. Give b(4).
-27
Let n(x) = -x**3 - 43*x**2 - 162*x - 119. Give n(-39).
115
Let y(p) = 963*p - 122295. Give y(127).
6
Let r(x) = -x**3 - 50*x**2 - 9*x - 467. Calculate r(-50).
-17
Let f(u) = -2*u**2 + 246*u - 4619. What is f(100)?
-19
Let i(o) = -15*o + 6. What is i(1)?
-9
Let y(l) = -43*l - 3395. Determine y(-79).
2
Let l(m) = m**3 - 19*m**2 - 33*m + 242. Give l(20).
-18
Let d(r) = r**3 + 34*r**2 + 268*r + 154. Give d(-22).
66
Let x(a) = 7*a - 164. Give x(-23).
-325
Let m(n) = 10*n - 37. Give m(-8).
-117
Let s(w) = 22*w**3 + 2*w**2 - 51*w - 53. What is s(-1)?
-22
Let t(k) = -48*k**2 + 1259*k - 278. Give t(26).
8
Let u(q) = -q**3 + 43*q**2 - 44*q - 95. Calculate u(42).
-179
Let a(s) = s**3 + 11*s**2 - 530*s + 60. Determine a(18).
-84
Let l(a) = -a**3 - 6*a**2 + 7*a - 10. Calculate l(4).
-142
Let q(s) = 14*s**2 + 873*s + 302. Give q(-62).
-8
Let o(v) = -102*v + 1540. Determine o(15).
10
Let q(b) = -4*b**2 + 16*b - 46. Determine q(9).
-226
Let w(n) = 186*n + 450. Give w(-4).
-294
Let f(r) = -r**3 - 24*r**2 + 12*r + 324. Give f(-24).
36
Let i(h) = -6*h**2 + 359*h - 3304. Calculate i(11).
-81
Let i(v) = -v**3 + 9*v**2 + 16*v - 66. Determine i(7).
144
Let u(a) = -a**2 + 386*a - 3368. Calculate u(9).
25
Let r(f) = -f**2 + 3*f - 17. Give r(10).
-87
Let u(c) = 3*c**2 - 38*c + 13. Determine u(13).
26
Let j(k) = -3*k**2 - 46*k + 9. Determine j(7).
-460
Let b(a) = 5*a**3 + 180*a**2 + 174*a - 40. What is b(-35)?
-5
Let f(z) = 2*z**3 + 36*z**2 + 97*z + 533. What is f(-16)?
5
Let w(g) = 2*g + 159. Calculate w(-69).
21
Let n(v) = -8*v**2 + 78*v + 227. Calculate n(12).
11
Let v(j) = -102*j - 3161. Give v(-31).
1
Let d(v) = v**2 + 73*v - 629. Determine d(-78).
-239
Let w(g) = -2*g**3 + 3*g**2 + g - 2. Calculate w(3).
-26
Let y(b) = b**3 + 2*b**2 + 264*b + 535. Determine y(-2).
7
Let a(b) = 157*b**2 - 951*b + 10. What is a(6)?
-44
Let f(v) = 2*v**3 + 21*v**2 + 56*v + 33. Calculate f(-3).
0
Let x(q) = 110*q - 210. Give x(2).
10
Let u(c) = -c**3 - 58*c**2 - 106*c - 2798. What is u(-57)?
-5
Let m(j) = -3*j**2 - 31*j - 13. Calculate m(-12).
-73
Let l(z) = -882*z - 9697. Determine l(-11).
5
Let s(z) = 2*z**3 - 171*z**2 + 78*z + 131. Determine s(85).
-464
Let b(o) = o**2 + 25*o - 117. Give b(-29).
-1
Let y(c) = -74*c**2 - 214*c + 26. Give y(-3).
2
Let c(p) = 26*p**3 + p**2 - 8*p + 8. Give c(1).
27
Let x(z) = -294*z**2 + 6174*z + 40. Determine x(21).
40
Let x(f) = -11*f**3 - 8*f**2 + 39*f + 44. Determine x(-1).
8
Let p(d) = -8*d**3 - 2*d**2 - 5*d + 6. Calculate p(0).
6
Let m(r) = -14*r**2 - 133*r - 549. What is m(-4)?
-241
Let m(i) = 2*i**3 - 34*i**2 + 84*i - 5. What is m(14)?
-5
Let c(y) = -303*y - 3495. What is c(-12)?
141
Let o(c) = 4*c**3 - 122*c**2 + 25*c - 99. Give o(30).
-1149
Let u(m) = -175*m + 4710. Calculate u(27).
-15
Let v(w) = -2567*w + 38512. Give v(15).
7
Let b(x) = -x**2 - 112*x - 2590. What is b(-79)?
17
Let m(o) = 9*o**2 - 45*o + 31. Calculate m(4).
-5
Let m(g) = -127*g**3 + 17*g**2 - 31*g + 12. Determine m(1).
-129
Let s(u) = u**2 - 30*u - 106. Determine s(33).
-7
Let j(s) = -s**3 - 206*s - 417. Calculate j(-2).
3
Let j(o) = o**3 - 58*o**2 - 181*o - 139. Calculate j(61).
-17
Let y(f) = 193*f + 777. Determine y(-3).
198
Let k(c) = -c**3 + 10*c**2 + 4*c - 25. Calculate k(11).
-102
Let l(o) = -610*o - 43308. What is l(-71)?
2
Let n(o) = -10*o**3 + o**2 + 12*o + 8. Calculate n(-1).
7
Let b(x) = x**2 - 5*x + 73. Determine b(-6).
139
Let g(x) = 4*x**2 + 258*x - 2657. What is g(9)?
-11
Let a(v) = v**3 - 5*v**2 - 16*v + 108. Calculate a(5).
28
Let b(u) = -u**3 - 11*u**2 + 2*u + 11. Calculate b(-11).
-11
Let k(t) = t**3 + 15*t**2 + 16*t + 53. What is k(-14)?
25
Let i(y) = 41*y - 1458. Calculate i(38).
100
Let x(j) = -j**3 + 6*j**2 + 55*j + 2. Give x(-5).
2
Let h(f) = -f**2 + 516*f - 264. Calculate h(0).
-264
Let k(s) = 48*s**2 + 2783*s - 24. Give k(-58).
34
Let b(v) = -2*v**3 - 145*v**2 + 219*v - 207. Calculate b(-74).
15
Let x(s) = -21*s**3 - 11*s**2 - 54*s - 43. Give x(-1).
21
Let d(m) = 2*m**2 + 23*m + 49. Determine d(-15).
154
Let l(o) = -121*o + 2. What is l(1)?
-119
Let f(k) = k**3 - 3*k**2 - 149*k + 768.